
109
Let c(j) = -22*j + 1509. Determine c(55).
299
Let o(h) = -12*h**2 + 101*h - 70. What is o(8)?
-30
Let z(u) = -4*u**2 - 3120*u + 9357. Calculate z(3).
-39
Let x(z) = -532*z + 1052. What is x(2)?
-12
Let g(f) = 99*f - 1281. What is g(13)?
6
Let s(r) = -2*r**2 - 34*r + 17. Give s(-21).
-151
Let w(z) = 143*z**2 + 1023*z + 148. What is w(-7)?
-6
Let f(u) = u**3 - 38*u**2 + 335*u + 42. What is f(24)?
18
Let x(q) = q**3 + 9*q**2 + 282*q + 1877. Calculate x(-7).
1
Let t(u) = 262*u - 3119. Calculate t(12).
25
Let h(g) = -g**2 + 715*g - 2826. What is h(4)?
18
Let s(g) = -2*g**3 - 65*g**2 + 181*g + 73. Give s(-35).
-137
Let s(m) = -m**2 + 148*m + 3735. Calculate s(-22).
-5
Let c(a) = a**3 - 18*a**2 + 39*a - 110. Calculate c(16).
2
Let j(g) = g**3 - 42*g**2 - 189*g - 10. Determine j(-4).
10
Let c(n) = 4*n**2 + 368*n + 1414. What is c(-88)?
6
Let j(v) = 46*v - 1714. Give j(42).
218
Let o(p) = -2*p**2 + 107*p - 108. Determine o(51).
147
Let s(x) = -x**3 + 54*x**2 - 34*x - 1023. Calculate s(53).
-16
Let t(q) = -q**3 + 15*q**2 + 112*q + 116. What is t(-5)?
56
Let z(c) = 1038*c + 14535. Give z(-14).
3
Let y(z) = -6*z**2 + 623*z + 3735. What is y(-6)?
-219
Let s(f) = 874*f + 3492. Determine s(-4).
-4
Let n(k) = 15*k - 825. Give n(46).
-135
Let i(h) = 11*h**2 - 1697*h - 1258. What is i(155)?
-18
Let o(c) = c**3 - 5*c**2 - 47*c + 162. Determine o(6).
-84
Let d(m) = -2*m**3 - 4*m**2 - 23*m - 66. What is d(-3)?
21
Let n(h) = 14*h**2 - 36*h - 186. Calculate n(-6).
534
Let c(k) = 293*k - 19630. Calculate c(67).
1
Let b(u) = -u**2 + 289*u + 31. Give b(0).
31
Let b(a) = 113*a + 9933. Calculate b(-88).
-11
Let o(k) = -5*k**3 + 3*k**2 + 29*k - 20. Calculate o(0).
-20
Let t(i) = -i**3 + 8*i**2 - 79*i + 393. Give t(6).
-9
Let n(u) = u**2 + 37*u - 1907. Give n(-66).
7
Let y(c) = 18*c**3 - 71*c**2 - 7*c + 9. Calculate y(4).
-3
Let k(c) = c**3 + 10*c**2 - 92*c - 17. What is k(6)?
7
Let x(q) = q**3 - 3*q**2 - 31*q - 7. What is x(7)?
-28
Let c(g) = g**3 - 14*g**2 + 4*g + 33. What is c(13)?
-84
Let l(m) = 3*m**2 - 9*m + 109. Calculate l(7).
193
Let z(f) = f**3 + 9*f**2 + 17*f - 8. What is z(-6)?
-2
Let f(d) = d**2 - 105*d - 6957. Determine f(151).
-11
Let c(r) = -r**2 - 25*r - 214. What is c(-17)?
-78
Let m(i) = -13*i**2 - 2380*i - 174. What is m(-183)?
9
Let u(b) = 737*b - 13267. Determine u(18).
-1
Let a(d) = -d**2 - 61*d + 1921. Give a(-84).
-11
Let s(u) = 21*u**2 - 19*u - 21. Give s(-1).
19
Let x(r) = r**2 + 197*r - 9181. Determine x(39).
23
Let o(q) = -3*q**3 + q**2 + 25*q - 13. Give o(6).
-475
Let m(o) = o**3 + 2*o**2 - 95*o + 96. Determine m(-11).
52
Let j(r) = 3*r**3 - 25*r**2 - 148*r + 1180. Determine j(9).
10
Let k(d) = -2*d**3 - 11*d**2 - 3*d + 19. What is k(0)?
19
Let w(f) = -f**3 + 103*f**2 - 215*f + 1321. Determine w(101).
8
Let j(v) = -v**2 - 88*v - 249. Calculate j(-85).
6
Let q(v) = -2313*v + 9505. Determine q(4).
253
Let a(b) = 281*b**2 + 1987*b - 8. Give a(-7).
-148
Let u(w) = -3*w**2 + 6*w + 3. Calculate u(-3).
-42
Let a(f) = -4*f**3 + 28*f**2 + 53*f + 1. Calculate a(-2).
39
Let v(t) = t**2 + 32*t + 193. Give v(-18).
-59
Let j(a) = -a**3 - 132*a**2 + 546*a + 262. Determine j(-136).
-10
Let w(v) = -3*v**2 - 199*v + 154. What is w(-67)?
20
Let f(b) = 7*b**2 - 357*b - 9. Determine f(51).
-9
Let u(x) = -2*x**3 - 5*x**2 - 18*x - 19. What is u(-2)?
13
Let g(i) = 35*i**2 - 323*i - 960. Calculate g(-3).
324
Let i(a) = -179*a + 19526. Determine i(109).
15
Let s(q) = 2*q**2 + 8*q - 71. Calculate s(5).
19
Let p(v) = -824*v - 822. Give p(-1).
2
Let g(q) = -2*q**3 + 5*q**2 + 43*q - 159. What is g(4)?
-35
Let a(r) = -1867*r + 24275. Calculate a(13).
4
Let p(x) = -224*x - 1803. Calculate p(-8).
-11
Let l(n) = -34*n + 31. Give l(7).
-207
Let f(i) = -i**2 - 8*i + 26. What is f(-11)?
-7
Let r(p) = p - 5. Give r(13).
8
Let r(h) = 7554*h + 7553. Calculate r(-1).
-1
Let o(y) = 6*y + 412. What is o(-43)?
154
Let m(s) = -2*s**2 + 48*s - 56. Determine m(21).
70
Let b(d) = -3296*d - 49432. What is b(-15)?
8
Let p(z) = z**2 + 8*z - 6. Give p(-8).
-6
Let o(q) = q**3 - 5*q**2 - 91*q + 515. What is o(6)?
5
Let j(k) = 213*k - 54. Calculate j(2).
372
Let x(z) = 4*z**2 + 38*z + 96. What is x(-3)?
18
Let a(u) = -2*u**2 - 35*u - 225. Calculate a(-18).
-243
Let w(d) = 39*d + 704. Determine w(-14).
158
Let x(r) = 155*r - 10382. Calculate x(67).
3
Let b(n) = -n**3 + 29*n**2 - 13*n - 170. Determine b(28).
250
Let h(x) = -10*x**2 - 63*x - 47. What is h(-5)?
18
Let w(t) = -t**2 + 52*t - 233. Determine w(5).
2
Let c(s) = -28*s + 547. Calculate c(25).
-153
Let q(o) = 11846*o - 367228. Give q(31).
-2
Let o(u) = -1181*u + 55493. What is o(47)?
-14
Let c(w) = -3*w**3 + 16*w**2 - 8*w + 21. What is c(3)?
60
Let d(n) = -2*n**2 + 131*n + 388. Calculate d(-3).
-23
Let d(y) = -45380*y + 181524. Calculate d(4).
4
Let g(w) = 92*w - 181. Calculate g(2).
3
Let t(z) = 282*z**3 - 2*z**2 + 5*z - 2. Calculate t(1).
283
Let s(u) = -3*u**2 + 17*u - 42. Give s(9).
-132
Let a(u) = -u**3 + 8*u**2 + 11*u - 23. Determine a(9).
-5
Let o(c) = c**3 - 6*c**2 - 4*c + 26. Calculate o(4).
-22
Let u(q) = -44*q + 288. Determine u(6).
24
Let f(x) = 2*x**2 + x. What is f(-7)?
91
Let o(i) = 10*i**2 + 348*i - 63. Determine o(-35).
7
Let l(m) = 81*m - 4184. Give l(51).
-53
Let t(h) = -101*h + 7181. What is t(71)?
10
Let b(w) = 6*w**2 + 111*w - 323. Calculate b(-21).
-8
Let c(w) = w - 47. Give c(38).
-9
Let a(l) = -15*l**2 - 54*l - 66. What is a(-2)?
-18
Let f(o) = -o**3 + 23*o**2 - 41*o + 119. Calculate f(21).
140
Let m(d) = 3*d**2 - 4*d - 36. Calculate m(11).
283
Let q(s) = -751*s + 7498. Calculate q(10).
-12
Let c(n) = -69*n**2 - 654*n - 32. Calculate c(-9).
265
Let c(i) = 2*i**2 + 31*i - 334. Calculate c(7).
-19
Let o(c) = c**3 - 8*c**2 - 148*c - 74. Calculate o(17).
11
Let n(q) = 171*q**2 + 76*q + 148. Give n(-2).
680
Let k(o) = -o**2 + 46*o - 181. Calculate k(40).
59
Let r(s) = 391*s**2 - 1196*s + 63. Determine r(3).
-6
Let c(k) = 5*k - 270. Determine c(65).
55
Let g(b) = -b**2 - 39*b - 402. Give g(-19).
-22
Let p(j) = -60*j - 1153. Give p(-19).
-13
Let z(i) = -200*i + 875. What is z(3)?
275
Let y(n) = 344*n - 2749. What is y(8)?
3
Let u(l) = -l**2 - 218*l - 1864. Calculate u(-209).
17
Let k(h) = 636*h + 3181. Determine k(-5).
1
Let s(o) = o**2 - 146*o + 2200. Calculate s(17).
7
Let i(a) = a**3 + 57*a**2 - 1343*a - 120. Determine i(18).
6
Let p(j) = -30*j - 3984. What is p(-136)?
96
Let d(w) = w**2 - 43*w - 618. Calculate d(55).
42
Let m(t) = -6*t**3 + t**2 + t + 649. What is m(0)?
649
Let y(x) = -x**3 - 22*x**2 - 105*x + 8. Give y(-7).
8
Let q(t) = 136*t + 10994. Calculate q(-81).
-22
Let g(r) = 16283*r - 260519. Determine g(16).
9
Let s(d) = 169*d + 649. What is s(-4)?
-27
Let b(l) = l**2 - 6*l - 756. Determine b(-25).
19
Let z(s) = -s**2 + 102*s + 645. Give z(-6).
-3
Let b(x) = -x**3 + 36*x**2 - 155*x - 16. What is b(5)?
-16
Let o(v) = 4*v**2 - 27*v - 167. Calculate o(-4).
5
Let l(c) = -c**3 - 7*c**2 - 9*c - 14. Calculate l(-7).
49
Let z(t) = t**3 - 13*t**2 - 10*t - 46. Calculate z(14).
10
Let u(l) = 102*l**2 - 1636*l + 34. Determine u(16).
-30
Let x(j) = -334*j + 1381. Calculate x(4).
45
Let x(t) = -4*t**3 + 61*t**2 + 716*t - 75. Determine x(23).
-6
Let j(h) = h**3 + 35*h**2 + 64*h + 2178. Determine j(-35).
-62
Let o(p) = -28*p**3 - 8*p**2 + 25*p - 29. Give o(2).
-235
Let b(a) = 3493*a + 20958. What is b(-6)?
0
Let x(g) = g**3 - 63*g**2 + 292*g - 137. Calculate x(58).
-21
Let n(f) = -30*f**2 + 75*f + 1. Give n(3).
-44
Let y(a) = -5923*a + 35530. Calculate y(6).
-8
Let n(z) = 2*z**2 + 452*z + 1778. Calculate n(-222).
2
Let d(w) = w**3 + 129*w**2 + 220*w + 28388. What is d(-129)?
8
Let k(x) = 5*x**3 - 52*x**2 + 25*x - 34. Give k(10).
16
Let w(q) = -15*q**3 - 55*q**2 + 23*q + 3. Determine w(-4).
-9
Let g(t) = -4*t**2 + 3*t - 6. What is g(1)?
-7
Let o(n) = -8*n**2 - 232*n - 229. Calculate o(-28).
-5
Let t(m) = -m**3 - 6*m**2 + 4*m + 22. Calculate t(-6).
-2
Let r(s) = -8*s**2 - 72*s + 538. Give r(8).
-550
Let g(h) = h**3 + 9*h**2 + 65*h + 231. Determine g(-5).
6
Let q(b) = b**3 - 43*b**2 + 220*b + 69. Give q(37).
-5
Let i(x) = 12*x**3 - 168*x**2 - 2*x + 6. What is i(14)?
-22
Let o(h) = h**3 - 54*h**2 - 24*h - 1703. Determine o(55).
2
Let a(i) = 5*i**2 + 113*i - 39. Give a(-23).
7
Let d(p) = 4*p**2 + 316*p + 948. Determine d